vert -1 (base 2) to base 12.
-1
9 (base 15) to base 7
12
Convert 70 (base 15) to base 9.
126
Convert 4 (base 7) to base 5.
4
What is 0 (base 12) in base 4?
0
Convert -9 (base 14) to base 15.
-9
-12 (base 8) to base 4
-22
Convert -30 (base 9) to base 12.
-23
What is -2 (base 16) in base 14?
-2
32 (base 11) to base 8
43
321 (base 4) to base 6
133
104 (base 7) to base 6
125
Convert 10 (base 7) to base 8.
7
-101 (base 2) to base 5
-10
Convert -4 (base 14) to base 2.
-100
Convert -1 (base 14) to base 12.
-1
Convert 5 (base 9) to base 16.
5
What is 8 (base 12) in base 13?
8
0 (base 11) to base 2
0
-3 (base 11) to base 2
-11
What is 31 (base 16) in base 5?
144
Convert 81 (base 10) to base 6.
213
3 (base 11) to base 16
3
What is -184 (base 9) in base 12?
-111
10 (base 15) to base 9
16
What is -3 (base 6) in base 15?
-3
2 (base 15) to base 16
2
Convert -14 (base 6) to base 4.
-22
Convert 61 (base 7) to base 4.
223
41 (base 14) to base 9
63
d (base 14) to base 10
13
a (base 11) to base 2
1010
123 (base 9) to base 13
7b
Convert -1 (base 14) to base 2.
-1
10330 (base 4) to base 16
13c
54 (base 9) to base 6
121
What is 1101001 (base 2) in base 7?
210
What is 20 (base 4) in base 5?
13
What is 3 (base 9) in base 4?
3
Convert 3 (base 6) to base 5.
3
Convert 10 (base 13) to base 9.
14
-22 (base 15) to base 2
-100000
7 (base 11) to base 4
13
2002 (base 5) to base 15
11c
What is 38 (base 13) in base 16?
2f
-12 (base 3) to base 14
-5
What is -2 (base 13) in base 10?
-2
Convert 31 (base 9) to base 6.
44
What is 140 (base 11) in base 7?
324
3 (base 10) to base 6
3
What is 3c (base 14) in base 6?
130
Convert 33 (base 5) to base 8.
22
Convert -10002 (base 4) to base 16.
-102
Convert -2 (base 4) to base 15.
-2
What is -2102 (base 5) in base 6?
-1141
What is -2 (base 7) in base 2?
-10
-146 (base 14) to base 7
-516
What is -42 (base 6) in base 12?
-22
What is 2020 (base 3) in base 5?
220
Convert -2 (base 4) to base 15.
-2
-3 (base 11) to base 6
-3
23 (base 7) to base 9
18
Convert -11 (base 7) to base 3.
-22
177 (base 15) to base 7
661
67 (base 12) to base 16
4f
Convert -5 (base 16) to base 5.
-10
-17 (base 15) to base 5
-42
What is -32 (base 5) in base 2?
-10001
-340 (base 5) to base 3
-10112
Convert 35 (base 13) to base 8.
54
Convert 64 (base 13) to base 16.
52
2 (base 10) to base 5
2
-29 (base 16) to base 14
-2d
Convert 2024 (base 5) to base 8.
410
What is 3 (base 16) in base 5?
3
What is -2 (base 4) in base 11?
-2
Convert -6 (base 13) to base 3.
-20
Convert -3 (base 14) to base 4.
-3
Convert -1c (base 15) to base 13.
-21
Convert -2 (base 3) to base 10.
-2
Convert 233 (base 7) to base 11.
101
What is -2 (base 5) in base 11?
-2
-3 (base 16) to base 8
-3
What is -3 (base 6) in base 13?
-3
20 (base 7) to base 5
24
Convert 0 (base 3) to base 8.
0
What is -20 (base 10) in base 11?
-19
Convert 2 (base 12) to base 4.
2
Convert 1 (base 3) to base 9.
1
Convert 1 (base 7) to base 11.
1
-4 (base 5) to base 14
-4
Convert 221 (base 6) to base 7.
151
Convert -3 (base 16) to base 2.
-11
What is -4 (base 8) in base 11?
-4
What is -10 (base 2) in base 6?
-2
-322 (base 6) to base 2
-1111010
6 (base 15) to base 6
10
Convert -3 (base 13) to base 3.
-10
26 (base 7) to base 2
10100
What is -1 (base 2) in base 6?
-1
What is 19 (base 12) in base 5?
41
Convert -1 (base 8) to base 13.
-1
Convert e (base 16) to base 3.
112
What is -10b (base 14) in base 4?
-3033
-61 (base 9) to base 10
-55
What is 1 (base 14) in base 6?
1
-1002 (base 3) to base 6
-45
Convert -5 (base 7) to base 4.
-11
Convert -104 (base 9) to base 3.
-10011
10 (base 12) to base 7
15
What is -42 (base 10) in base 15?
-2c
Convert -12 (base 12) to base 15.
-e
6 (base 11) to base 5
11
What is 16 (base 9) in base 14?
11
-4 (base 9) to base 2
-100
-24 (base 10) to base 12
-20
-43 (base 6) to base 8
-33
What is -201 (base 4) in base 16?
-21
Convert -341 (base 6) to base 10.
-133
Convert -9 (base 11) to base 14.
-9
1a (base 14) to base 12
20
What is -28 (base 16) in base 5?
-130
What is -12 (base 11) in base 6?
-21
Convert 1 (base 4) to base 12.
1
Convert -101 (base 2) to base 16.
-5
Convert -10 (base 6) to base 14.
-6
What is -240 (base 9) in base 12?
-146
-4 (base 14) to base 7
-4
Convert -410 (base 6) to base 3.
-12120
3 (base 16) to base 10
3
What is -3 (base 11) in base 9?
-3
-72 (base 12) to base 5
-321
-10011 (base 3) to base 13
-67
What is -c (base 16) in base 4?
-30
Convert -33 (base 7) to base 5.
-44
What is -2 (base 3) in base 2?
-10
Convert -3 (base 10) to base 3.
-10
Convert -4 (base 7) to base 11.
-4
What is 10 (base 8) in base 12?
8
What is -2 (base 6) in base 9?
-2
-5e (base 16) to base 13
-73
-13 (base 11) to base 6
-22
Convert -b0 (base 16) to base 8.
-260
Convert 11 (base 13) to base 15.
e
Convert 141 (base 8) to base 3.
10121
What is 13 (base 7) in base 13?
a
What is -2 (base 4) in base 10?
-2
Convert 98 (base 10) to base 15.
68
Convert 1101 (base 2) to base 14.
d
What is -21 (base 12) in base 9?
-27
-8 (base 9) to base 14
-8
Convert 17 (base 14) to base 16.
15
Convert -110 (base 5) to base 3.
-1010
Convert -12 (base 10) to base 16.
-c
Convert 1022 (base 3) to base 15.
25
Convert 122 (base 9) to base 6.
245
What is -536 (base 8) in base 16?
-15e
Convert 3 (base 10) to base 4.
3
Convert 7 (base 14) to base 4.
13
Convert 5 (base 7) to base 13.
5
What is -66 (base 9) in base 15?
-40
Convert 3 (base 11) to base 4.
3
Convert -133 (base 4) to base 8.
-37
What is -2 (base 11) in base 8?
-2
Convert -101 (base 2) to base 16.
-5
-10 (base 6) to base 5
-11
Convert -1220 (base 5) to base 2.
-10111001
What is 26 (base 10) in base 5?
101
What is -26 (base 16) in base 11?
-35
-53 (base 6) to base 10
-33
6 (base 14) to base 16
6
37 (base 11) to base 6
104
What is -73 (base 14) in base 15?
-6b
Convert -7c (base 16) to base 3.
-11121
Convert -55 (base 10) to base 16.
-37
What is 7 (base 15) in base 9?
7
Convert -12 (base 15) to base 3.
-122
Convert 102 (base 3) to base 6.
15
-7 (base 15) to base 13
-7
170 (base 10) to base 8
252
What is -147 (base 10) in base 3?
-12110
Convert 9 (base 14) to base 2.
1001
What is -3 (base 9) in base 7?
-3
What is -1 (base 12) in base 15?
-1
What is -10100 (base 3) in base 14?
-66
Convert -323 (base 5) to base 10.
-88
What is 12201 (base 3) in base 11?
130
Convert -2b (base 16) to base 2.
-101011
Convert -51 (base 6) to base 15.
-21
8 (base 11) to base 8
10
Convert -74 (base 10) to base 15.
-4e
2 (base 12) to base 4
2
What is 143 (base 11) in base 16?
a8
Convert -1114 (base 5) to base 9.
-186
What is -18 (base 11) in base 3?
-201
-1100101 (base 2) to base 13
-7a
What is dd (base 14) in base 4?
3003
Convert -30 (base 9) to base 7.
-36
What is 4 (base 13) in base 11?
4
What is -1 (base 12) in base 16?
-1
What is -11 (base 5) in base 2?
-110
Convert 1213 (base 5) to base 13.
111
1 (base 3) to base 16
1
What is 71 (base 13) in base 3?
10102
What is -1 (base 3) in base 12?
-1
1 (base 3) to base 16
1
What is 50 (base 8) in base 7?
55
What is -28 (base 13) in base 12?
-2a
Convert -44 (base 8) to base 9.
-40
Convert -332 (base 8) to base 10.
-218
2 (base 4) to base 14
2
What is -5 (base 8) in base 13?
-5
What is 120 (base 8) in base 6?
212
What is 109 (base 13) in base 12?
12a
Convert 21 (base 13) to base 15.
1c
Convert -10 (base 2) to base 14.
-2
Convert -10100010 (base 2) to base 8.
-242
23 (base 5) to base 2
1101
-11 (base 7) to base 8
-10
What is -27 (base 15) in base 14?
-29
Convert -110000 (base 2) to base 13.
-39
-11 (base 3) to base 13
-4
Convert -1 (base 9) to base 10.
-1
Convert 1200 (base 3) to base 6.
113
57 (base 14) to base 8
115
-12 (base 3) to base 16
-5
What is 1 (base 15) in base 14?
1
What is 94 (base 11) in base 10?
103
What is 1 (base 9) in base 13?
1
What is -1a (base 12) in base 15?
-17
Convert 1 (base 8) to base 4.
1
22 (base 12) to base 2
11010
-100 (base 3) to base 9
-10
2 (base 3) to base 9
2
-c (base 15) to base 9
-13
-1110 (base 4) to base 13
-66
-5 (base 6) to base 12
-5
What is a (base 15) in base 5?
20
Convert 27 (base 10) to base 6.
43
Convert 412 (base 9) to base 4.
11033
What is 156 (base 10) in base 9?
183
1 (base 5) to base 3
1
What is 100101100 (base 2) in base 15?
150
What is 5b (base 15) in base 4?
1112
What is 4 (base 12) in base 2?
100
Convert -3 (base 16) to base